{"id":294,"date":"2021-11-25T23:12:56","date_gmt":"2021-11-25T22:12:56","guid":{"rendered":"https:\/\/boutique.afriqueeducation.com\/Tp60573-ovh\/index.php\/produit\/afrique-education-numero-503-504-de-decembre-2021-janvier-2022\/"},"modified":"2021-12-27T12:15:48","modified_gmt":"2021-12-27T11:15:48","slug":"afrique-education-numero-503-504-de-decembre-2021-janvier-2022","status":"publish","type":"product","link":"https:\/\/boutique.afriqueeducation.com\/Tp60573-ovh\/index.php\/produit\/afrique-education-numero-503-504-de-decembre-2021-janvier-2022\/","title":{"rendered":"Afrique Education num\u00e9ro 503-504 de d\u00e9cembre 2021\/janvier 2022."},"content":{"rendered":"<p>97<\/p>\n","protected":false},"excerpt":{"rendered":"<div>\n<div dir=\"ltr\">\n<p>Afrique Education num\u00e9ro 503-504 de d\u00e9cembre 2021\/janvier 2022:<\/p>\n<div dir=\"ltr\">Pour commencer Afrique Education annonce l&#8217;arriv\u00e9e du pr\u00e9sident du S\u00e9n\u00e9gal Macky Sall \u00e0 la pr\u00e9sidence en exercice de l&#8217;Union africaine d\u00e9but 2022. Les grands dossiers qui l&#8217;attendent. Le magazine pense que c&#8217;est une bonne chose car la diplomatie s\u00e9n\u00e9galaise est l&#8217;une des plus performantes du continent africain.<\/div>\n<div id=\"v1ydp2928be92yiv1920418693yqtfd72895\" class=\"v1ydp2928be92yiv1920418693yqt9151719519\"><\/div>\n<div class=\"v1ydp2928be92yiv1920418693yqt9151719519\" dir=\"ltr\">Ensuite Au Mali, l&#8217;arriv\u00e9e des mercenaires de la soci\u00e9t\u00e9 Wagner n&#8217;est plus qu&#8217;une question de quelque temps. La nature ayant horreur du vide, le vide laiss\u00e9 par l&#8217;arm\u00e9e fran\u00e7aise va vite \u00eatre compens\u00e9, peut-\u00eatre avec une efficacit\u00e9 meilleure encore.<\/div>\n<\/div>\n<div dir=\"ltr\"><\/div>\n<h5 dir=\"ltr\">Afrique Education a une devise simple :<\/h5>\n<div dir=\"ltr\">C&#8217;est un magazine international hautement intellectuel,<\/div>\n<div dir=\"ltr\">Qui ne se soucie gu\u00e8re des qu&#8217;en dira-t-on,<\/div>\n<div dir=\"ltr\">Combat \u00e2prement la pens\u00e9e unique,<\/div>\n<div dir=\"ltr\">Donne une autre lecture de l&#8217;actualit\u00e9,<\/div>\n<div dir=\"ltr\">Oeuvre pour une Afrique digne et respect\u00e9e.<\/div>\n<div dir=\"ltr\"><\/div>\n<div dir=\"ltr\"><\/div>\n<div dir=\"ltr\">Afrique Education est un magazine totalement ind\u00e9pendant, con\u00e7u par les Africains et propos\u00e9 aux Africains et aux amis de l&#8217;Afrique.<\/div>\n<div dir=\"ltr\"><\/div>\n<div dir=\"ltr\">Afrique Education est un magazine s\u00e9rieux qui travaille avec des institutions s\u00e9rieuses :<\/div>\n<ul>\n<li>L&#8217;UNESCO<\/li>\n<li>La Banque Mondiale<\/li>\n<li>La Commission europ\u00e9enne<\/li>\n<li>L&#8217;Organisation internationale de la Francophonie<\/li>\n<li>Des Etats (France, S\u00e9n\u00e9gal, Guin\u00e9e-Conakry, Gabon, Togo, Guin\u00e9e-Equatoriale, C\u00f4te d&#8217;Ivoire, B\u00e9nin, Centrafrique, Comores, etc).<\/li>\n<\/ul>\n<div>Vos serviteurs organisent \u00e9galement des colloques et des s\u00e9minaires d&#8217;\u00e9ducation et de formation en Afrique. Afrique Education dont la cr\u00e9ation remonte en mai 1993, \u00e0 Paris, est une institution ouverte au partenariat et \u00e0 la coop\u00e9ration internationale, \u00e0 condition que \u00e7a soit du gagnant-gagnant.<\/div>\n<div><\/div>\n<div>Son Fondateur, Paul TEDGA, Docteur des Facult\u00e9s fran\u00e7aises de droit et de sciences \u00e9conomiques (Universit\u00e9 de Paris-IX Dauphine en novembre 1988) est \u00e9galement auteur de plusieurs ouvrages de r\u00e9f\u00e9rence.<\/div>\n<\/div>\n<div><\/div>\n<div>\n<div>Enfin pour encore plus d&#8217;actualit\u00e9s rendez-vous sur <a href=\"http:\/\/boutique.afriqueeducation.com\/Tp60573-ovh\/\">boutique.afriqueeducation.com\/Tp60573-ovh\/<\/a><\/div>\n<div><\/div>\n<div>Puis ne rater pas l&#8217;actualit\u00e9 de\u00a0d\u00e9cembre 2021\/janvier 2022 en Afrique achetez Afrique Education num\u00e9ro 503-504.<\/div>\n<\/div>\n","protected":false},"featured_media":100,"template":"","meta":{"pmpro_default_level":0,"site-sidebar-layout":"default","site-content-layout":"default","ast-main-header-display":"","ast-hfb-above-header-display":"","ast-hfb-below-header-display":"","ast-hfb-mobile-header-display":"","site-post-title":"","ast-breadcrumbs-content":"","ast-featured-img":"","footer-sml-layout":"","theme-transparent-header-meta":"default","adv-header-id-meta":"","stick-header-meta":"","header-above-stick-meta":"","header-main-stick-meta":"","header-below-stick-meta":""},"product_cat":[17],"product_tag":[],"yoast_head":"<!-- This site is optimized with the Yoast SEO plugin v17.6 - https:\/\/yoast.com\/wordpress\/plugins\/seo\/ -->\n<title>Afrique Education num\u00e9ro 503-504 de d\u00e9cembre 2021\/janvier 2022. - Afrique Education<\/title>\n<meta name=\"robots\" content=\"index, follow, max-snippet:-1, max-image-preview:large, max-video-preview:-1\" \/>\n<link rel=\"canonical\" href=\"http:\/\/boutique.afriqueeducation.com\/Tp60573-ovh\/index.php\/produit\/afrique-education-numero-503-504-de-decembre-2021-janvier-2022\/\" \/>\n<meta property=\"og:locale\" content=\"en_US\" \/>\n<meta property=\"og:type\" content=\"article\" \/>\n<meta property=\"og:title\" content=\"Afrique Education num\u00e9ro 503-504 de d\u00e9cembre 2021\/janvier 2022. - Afrique Education\" \/>\n<meta property=\"og:description\" content=\"Afrique Education num\u00e9ro 503-504 de d\u00e9cembre 2021\/janvier 2022: Pour commencer Afrique Education annonce l&#039;arriv\u00e9e du pr\u00e9sident du S\u00e9n\u00e9gal Macky Sall \u00e0 la pr\u00e9sidence en exercice de l&#039;Union africaine d\u00e9but 2022. Les grands dossiers qui l&#039;attendent. Le magazine pense que c&#039;est une bonne chose car la diplomatie s\u00e9n\u00e9galaise est l&#039;une des plus performantes du continent africain.  Ensuite Au Mali, l&#039;arriv\u00e9e des mercenaires de la soci\u00e9t\u00e9 Wagner n&#039;est plus qu&#039;une question de quelque temps. La nature ayant horreur du vide, le vide laiss\u00e9 par l&#039;arm\u00e9e fran\u00e7aise va vite \u00eatre compens\u00e9, peut-\u00eatre avec une efficacit\u00e9 meilleure encore.   Afrique Education a une devise simple : C&#039;est un magazine international hautement intellectuel, Qui ne se soucie gu\u00e8re des qu&#039;en dira-t-on, Combat \u00e2prement la pens\u00e9e unique, Donne une autre lecture de l&#039;actualit\u00e9, Oeuvre pour une Afrique digne et respect\u00e9e.   Afrique Education est un magazine totalement ind\u00e9pendant, con\u00e7u par les Africains et propos\u00e9 aux Africains et aux amis de l&#039;Afrique.  Afrique Education est un magazine s\u00e9rieux qui travaille avec des institutions s\u00e9rieuses :   L&#039;UNESCO  La Banque Mondiale  La Commission europ\u00e9enne  L&#039;Organisation internationale de la Francophonie  Des Etats (France, S\u00e9n\u00e9gal, Guin\u00e9e-Conakry, Gabon, Togo, Guin\u00e9e-Equatoriale, C\u00f4te d&#039;Ivoire, B\u00e9nin, Centrafrique, Comores, etc).  Vos serviteurs organisent \u00e9galement des colloques et des s\u00e9minaires d&#039;\u00e9ducation et de formation en Afrique. Afrique Education dont la cr\u00e9ation remonte en mai 1993, \u00e0 Paris, est une institution ouverte au partenariat et \u00e0 la coop\u00e9ration internationale, \u00e0 condition que \u00e7a soit du gagnant-gagnant.  Son Fondateur, Paul TEDGA, Docteur des Facult\u00e9s fran\u00e7aises de droit et de sciences \u00e9conomiques (Universit\u00e9 de Paris-IX Dauphine en novembre 1988) est \u00e9galement auteur de plusieurs ouvrages de r\u00e9f\u00e9rence.    Enfin pour encore plus d&#039;actualit\u00e9s rendez-vous sur boutique.afriqueeducation.com\/Tp60573-ovh\/  Puis ne rater pas l&#039;actualit\u00e9 de\u00a0d\u00e9cembre 2021\/janvier 2022 en Afrique achetez Afrique Education num\u00e9ro 503-504.\" \/>\n<meta property=\"og:url\" content=\"http:\/\/boutique.afriqueeducation.com\/Tp60573-ovh\/index.php\/produit\/afrique-education-numero-503-504-de-decembre-2021-janvier-2022\/\" \/>\n<meta property=\"og:site_name\" content=\"Afrique Education\" \/>\n<meta property=\"article:modified_time\" content=\"2021-12-27T11:15:48+00:00\" \/>\n<meta property=\"og:image\" content=\"http:\/\/boutique.afriqueeducation.com\/Tp60573-ovh\/wp-content\/uploads\/edd\/2021\/11\/Couverture.png\" \/>\n\t<meta property=\"og:image:width\" content=\"374\" \/>\n\t<meta property=\"og:image:height\" content=\"534\" \/>\n<meta name=\"twitter:card\" content=\"summary_large_image\" \/>\n<script type=\"application\/ld+json\" class=\"yoast-schema-graph\">{\"@context\":\"https:\/\/schema.org\",\"@graph\":[{\"@type\":\"WebSite\",\"@id\":\"http:\/\/boutique.afriqueeducation.com\/Tp60573-ovh\/#website\",\"url\":\"http:\/\/boutique.afriqueeducation.com\/Tp60573-ovh\/\",\"name\":\"Afrique Education\",\"description\":\"Un site utilisant WordPress\",\"potentialAction\":[{\"@type\":\"SearchAction\",\"target\":{\"@type\":\"EntryPoint\",\"urlTemplate\":\"http:\/\/boutique.afriqueeducation.com\/Tp60573-ovh\/?s={search_term_string}\"},\"query-input\":\"required name=search_term_string\"}],\"inLanguage\":\"en-US\"},{\"@type\":\"ImageObject\",\"@id\":\"http:\/\/boutique.afriqueeducation.com\/Tp60573-ovh\/index.php\/produit\/afrique-education-numero-503-504-de-decembre-2021-janvier-2022\/#primaryimage\",\"inLanguage\":\"en-US\",\"url\":\"https:\/\/boutique.afriqueeducation.com\/Tp60573-ovh\/wp-content\/uploads\/edd\/2021\/11\/Couverture.png\",\"contentUrl\":\"https:\/\/boutique.afriqueeducation.com\/Tp60573-ovh\/wp-content\/uploads\/edd\/2021\/11\/Couverture.png\",\"width\":374,\"height\":534,\"caption\":\"Afrique Education num\\u00e9ro 503-504Couverture\"},{\"@type\":\"WebPage\",\"@id\":\"http:\/\/boutique.afriqueeducation.com\/Tp60573-ovh\/index.php\/produit\/afrique-education-numero-503-504-de-decembre-2021-janvier-2022\/#webpage\",\"url\":\"http:\/\/boutique.afriqueeducation.com\/Tp60573-ovh\/index.php\/produit\/afrique-education-numero-503-504-de-decembre-2021-janvier-2022\/\",\"name\":\"Afrique Education num\\u00e9ro 503-504 de d\\u00e9cembre 2021\/janvier 2022. - Afrique Education\",\"isPartOf\":{\"@id\":\"http:\/\/boutique.afriqueeducation.com\/Tp60573-ovh\/#website\"},\"primaryImageOfPage\":{\"@id\":\"http:\/\/boutique.afriqueeducation.com\/Tp60573-ovh\/index.php\/produit\/afrique-education-numero-503-504-de-decembre-2021-janvier-2022\/#primaryimage\"},\"datePublished\":\"2021-11-25T22:12:56+00:00\",\"dateModified\":\"2021-12-27T11:15:48+00:00\",\"breadcrumb\":{\"@id\":\"http:\/\/boutique.afriqueeducation.com\/Tp60573-ovh\/index.php\/produit\/afrique-education-numero-503-504-de-decembre-2021-janvier-2022\/#breadcrumb\"},\"inLanguage\":\"en-US\",\"potentialAction\":[{\"@type\":\"ReadAction\",\"target\":[\"http:\/\/boutique.afriqueeducation.com\/Tp60573-ovh\/index.php\/produit\/afrique-education-numero-503-504-de-decembre-2021-janvier-2022\/\"]}]},{\"@type\":\"BreadcrumbList\",\"@id\":\"http:\/\/boutique.afriqueeducation.com\/Tp60573-ovh\/index.php\/produit\/afrique-education-numero-503-504-de-decembre-2021-janvier-2022\/#breadcrumb\",\"itemListElement\":[{\"@type\":\"ListItem\",\"position\":1,\"name\":\"Accueil\",\"item\":\"http:\/\/boutique.afriqueeducation.com\/Tp60573-ovh\/\"},{\"@type\":\"ListItem\",\"position\":2,\"name\":\"Products\",\"item\":\"http:\/\/boutique.afriqueeducation.com\/Tp60573-ovh\/index.php\/products\/\"},{\"@type\":\"ListItem\",\"position\":3,\"name\":\"Afrique Education num\\u00e9ro 503-504 de d\\u00e9cembre 2021\/janvier 2022.\"}]}]}<\/script>\n<!-- \/ Yoast SEO plugin. -->","yoast_head_json":{"title":"Afrique Education num\u00e9ro 503-504 de d\u00e9cembre 2021\/janvier 2022. - Afrique Education","robots":{"index":"index","follow":"follow","max-snippet":"max-snippet:-1","max-image-preview":"max-image-preview:large","max-video-preview":"max-video-preview:-1"},"canonical":"http:\/\/boutique.afriqueeducation.com\/Tp60573-ovh\/index.php\/produit\/afrique-education-numero-503-504-de-decembre-2021-janvier-2022\/","og_locale":"en_US","og_type":"article","og_title":"Afrique Education num\u00e9ro 503-504 de d\u00e9cembre 2021\/janvier 2022. - Afrique Education","og_description":"Afrique Education num\u00e9ro 503-504 de d\u00e9cembre 2021\/janvier 2022: Pour commencer Afrique Education annonce l'arriv\u00e9e du pr\u00e9sident du S\u00e9n\u00e9gal Macky Sall \u00e0 la pr\u00e9sidence en exercice de l'Union africaine d\u00e9but 2022. Les grands dossiers qui l'attendent. Le magazine pense que c'est une bonne chose car la diplomatie s\u00e9n\u00e9galaise est l'une des plus performantes du continent africain.  Ensuite Au Mali, l'arriv\u00e9e des mercenaires de la soci\u00e9t\u00e9 Wagner n'est plus qu'une question de quelque temps. La nature ayant horreur du vide, le vide laiss\u00e9 par l'arm\u00e9e fran\u00e7aise va vite \u00eatre compens\u00e9, peut-\u00eatre avec une efficacit\u00e9 meilleure encore.   Afrique Education a une devise simple : C'est un magazine international hautement intellectuel, Qui ne se soucie gu\u00e8re des qu'en dira-t-on, Combat \u00e2prement la pens\u00e9e unique, Donne une autre lecture de l'actualit\u00e9, Oeuvre pour une Afrique digne et respect\u00e9e.   Afrique Education est un magazine totalement ind\u00e9pendant, con\u00e7u par les Africains et propos\u00e9 aux Africains et aux amis de l'Afrique.  Afrique Education est un magazine s\u00e9rieux qui travaille avec des institutions s\u00e9rieuses :   L'UNESCO  La Banque Mondiale  La Commission europ\u00e9enne  L'Organisation internationale de la Francophonie  Des Etats (France, S\u00e9n\u00e9gal, Guin\u00e9e-Conakry, Gabon, Togo, Guin\u00e9e-Equatoriale, C\u00f4te d'Ivoire, B\u00e9nin, Centrafrique, Comores, etc).  Vos serviteurs organisent \u00e9galement des colloques et des s\u00e9minaires d'\u00e9ducation et de formation en Afrique. Afrique Education dont la cr\u00e9ation remonte en mai 1993, \u00e0 Paris, est une institution ouverte au partenariat et \u00e0 la coop\u00e9ration internationale, \u00e0 condition que \u00e7a soit du gagnant-gagnant.  Son Fondateur, Paul TEDGA, Docteur des Facult\u00e9s fran\u00e7aises de droit et de sciences \u00e9conomiques (Universit\u00e9 de Paris-IX Dauphine en novembre 1988) est \u00e9galement auteur de plusieurs ouvrages de r\u00e9f\u00e9rence.    Enfin pour encore plus d'actualit\u00e9s rendez-vous sur boutique.afriqueeducation.com\/Tp60573-ovh\/  Puis ne rater pas l'actualit\u00e9 de\u00a0d\u00e9cembre 2021\/janvier 2022 en Afrique achetez Afrique Education num\u00e9ro 503-504.","og_url":"http:\/\/boutique.afriqueeducation.com\/Tp60573-ovh\/index.php\/produit\/afrique-education-numero-503-504-de-decembre-2021-janvier-2022\/","og_site_name":"Afrique Education","article_modified_time":"2021-12-27T11:15:48+00:00","og_image":[{"width":374,"height":534,"url":"http:\/\/boutique.afriqueeducation.com\/Tp60573-ovh\/wp-content\/uploads\/edd\/2021\/11\/Couverture.png","type":"image\/png"}],"twitter_card":"summary_large_image","schema":{"@context":"https:\/\/schema.org","@graph":[{"@type":"WebSite","@id":"http:\/\/boutique.afriqueeducation.com\/Tp60573-ovh\/#website","url":"http:\/\/boutique.afriqueeducation.com\/Tp60573-ovh\/","name":"Afrique Education","description":"Un site utilisant WordPress","potentialAction":[{"@type":"SearchAction","target":{"@type":"EntryPoint","urlTemplate":"http:\/\/boutique.afriqueeducation.com\/Tp60573-ovh\/?s={search_term_string}"},"query-input":"required name=search_term_string"}],"inLanguage":"en-US"},{"@type":"ImageObject","@id":"http:\/\/boutique.afriqueeducation.com\/Tp60573-ovh\/index.php\/produit\/afrique-education-numero-503-504-de-decembre-2021-janvier-2022\/#primaryimage","inLanguage":"en-US","url":"https:\/\/boutique.afriqueeducation.com\/Tp60573-ovh\/wp-content\/uploads\/edd\/2021\/11\/Couverture.png","contentUrl":"https:\/\/boutique.afriqueeducation.com\/Tp60573-ovh\/wp-content\/uploads\/edd\/2021\/11\/Couverture.png","width":374,"height":534,"caption":"Afrique Education num\u00e9ro 503-504Couverture"},{"@type":"WebPage","@id":"http:\/\/boutique.afriqueeducation.com\/Tp60573-ovh\/index.php\/produit\/afrique-education-numero-503-504-de-decembre-2021-janvier-2022\/#webpage","url":"http:\/\/boutique.afriqueeducation.com\/Tp60573-ovh\/index.php\/produit\/afrique-education-numero-503-504-de-decembre-2021-janvier-2022\/","name":"Afrique Education num\u00e9ro 503-504 de d\u00e9cembre 2021\/janvier 2022. - Afrique Education","isPartOf":{"@id":"http:\/\/boutique.afriqueeducation.com\/Tp60573-ovh\/#website"},"primaryImageOfPage":{"@id":"http:\/\/boutique.afriqueeducation.com\/Tp60573-ovh\/index.php\/produit\/afrique-education-numero-503-504-de-decembre-2021-janvier-2022\/#primaryimage"},"datePublished":"2021-11-25T22:12:56+00:00","dateModified":"2021-12-27T11:15:48+00:00","breadcrumb":{"@id":"http:\/\/boutique.afriqueeducation.com\/Tp60573-ovh\/index.php\/produit\/afrique-education-numero-503-504-de-decembre-2021-janvier-2022\/#breadcrumb"},"inLanguage":"en-US","potentialAction":[{"@type":"ReadAction","target":["http:\/\/boutique.afriqueeducation.com\/Tp60573-ovh\/index.php\/produit\/afrique-education-numero-503-504-de-decembre-2021-janvier-2022\/"]}]},{"@type":"BreadcrumbList","@id":"http:\/\/boutique.afriqueeducation.com\/Tp60573-ovh\/index.php\/produit\/afrique-education-numero-503-504-de-decembre-2021-janvier-2022\/#breadcrumb","itemListElement":[{"@type":"ListItem","position":1,"name":"Accueil","item":"http:\/\/boutique.afriqueeducation.com\/Tp60573-ovh\/"},{"@type":"ListItem","position":2,"name":"Products","item":"http:\/\/boutique.afriqueeducation.com\/Tp60573-ovh\/index.php\/products\/"},{"@type":"ListItem","position":3,"name":"Afrique Education num\u00e9ro 503-504 de d\u00e9cembre 2021\/janvier 2022."}]}]}},"_links":{"self":[{"href":"https:\/\/boutique.afriqueeducation.com\/Tp60573-ovh\/index.php\/wp-json\/wp\/v2\/product\/294"}],"collection":[{"href":"https:\/\/boutique.afriqueeducation.com\/Tp60573-ovh\/index.php\/wp-json\/wp\/v2\/product"}],"about":[{"href":"https:\/\/boutique.afriqueeducation.com\/Tp60573-ovh\/index.php\/wp-json\/wp\/v2\/types\/product"}],"wp:featuredmedia":[{"embeddable":true,"href":"https:\/\/boutique.afriqueeducation.com\/Tp60573-ovh\/index.php\/wp-json\/wp\/v2\/media\/100"}],"wp:attachment":[{"href":"https:\/\/boutique.afriqueeducation.com\/Tp60573-ovh\/index.php\/wp-json\/wp\/v2\/media?parent=294"}],"wp:term":[{"taxonomy":"product_cat","embeddable":true,"href":"https:\/\/boutique.afriqueeducation.com\/Tp60573-ovh\/index.php\/wp-json\/wp\/v2\/product_cat?post=294"},{"taxonomy":"product_tag","embeddable":true,"href":"https:\/\/boutique.afriqueeducation.com\/Tp60573-ovh\/index.php\/wp-json\/wp\/v2\/product_tag?post=294"}],"curies":[{"name":"wp","href":"https:\/\/api.w.org\/{rel}","templated":true}]}}